 is divided by 24?
23
Let t be -2*1*149/(-2). Suppose t = 6*f - 3*f - i, -5*f + 230 = 2*i. Let o = 33 - 16. Calculate the remainder when f is divided by o.
14
Let k(d) be the third derivative of -d**5/60 - d**4/3 - d**3/3 - 2*d**2. Calculate the remainder when 109 is divided by k(-4).
11
Let j(q) = 4*q**2 - 36*q - 9. Calculate the remainder when j(13) is divided by 40.
39
Let t(v) = v**2 - 2*v + 3. Let p be t(3). Suppose -187 = -p*n + 107. Calculate the remainder when n is divided by 26.
23
Calculate the remainder when (133 - (-6)/3)*(-36)/(-30) is divided by 13.
6
Let s(q) = -q**3 - 5*q**2 - 4*q + 11. What is the remainder when 306 is divided by s(-5)?
27
Let l(t) = t + 13. Let n be l(-12). Let o(j) = -5 + 79*j - 1 + 4. Calculate the remainder when o(n) is divided by 20.
17
Suppose -4*i - 104 + 32 = 0. Let f = i - -33. Calculate the remainder when 44 is divided by f.
14
Suppose 0 = 3*q - 12, 5*s - 31 = -0*q - 4*q. What is the remainder when 35 is divided by s?
2
Let b = 1 + -23. Let t be 104/4 + (-4 + 4)/(-1). Let l = b + t. What is the remainder when 18 is divided by l?
2
Let b = 102 - 95. Calculate the remainder when 25 is divided by b.
4
Suppose 5*x = -10, -3*x + 0*x - 306 = -5*a. Let r = a + -44. Calculate the remainder when 47 is divided by r.
15
Suppose -2*m + 7*m + q - 2241 = 0, 446 = m - 2*q. What is the remainder when 87 is divided by (-4)/(-20) + m/10?
42
Let u = 473 + -325. Calculate the remainder when u is divided by 15.
13
Suppose 4*x - 234 - 74 = 0. Let h(l) = l**3 - 10*l**2 + 2*l - 4. Calculate the remainder when x is divided by h(10).
13
Let c = 27 + 14. What is the remainder when (-2)/(-3)*3*c is divided by 17?
14
Suppose 271*u = 259*u + 2700. What is the remainder when u is divided by 65?
30
Let w = -16 + 37. Let m(n) = -n**3 - 4*n**2 - 5*n - 3. Let c be m(-3). Suppose 0 = 2*z - w - c. Calculate the remainder when z is divided by 5.
2
Let n = 100 + -46. Let g = 37 - 26. Let z(f) = -f**2 + 13*f - 8. Calculate the remainder when n is divided by z(g).
12
Suppose 42*s - 27 = 39*s. What is the remainder when 77 is divided by s?
5
What is the remainder when (-190)/(-4)*13/(-65)*-8 is divided by -2 + 0 + 3 - -25?
24
Let v(r) = -4*r**3 + 7*r**2 + 4. Let q(i) = 3*i**3 - 6*i**2 + i - 4. Let b(j) = -3*q(j) - 2*v(j). Calculate the remainder when 18 is divided by b(3).
2
Let j = -4 + 51. Let k(q) = 10 + j*q + 4 - 13. Calculate the remainder when k(1) is divided by 25.
23
Suppose -i = -13 - 5. Calculate the remainder when (-780)/(-9) + 2/6 - -1 is divided by i.
16
Suppose -54 = -o + 95. Suppose 0 = 3*p - p + 5*y - 223, -5*y - o = -p. What is the remainder when p is divided by 42?
40
Let i = 71 + -29. Suppose -2*w - 2*w = 204. What is the remainder when i is divided by -2 + (-2)/(6/w)?
12
Let q(g) = -21*g + 16. Let w be q(-19). Suppose -w - 97 = -8*l. Calculate the remainder when l is divided by 22.
20
Let w = -1954 + 1984. What is the remainder when 165 is divided by w?
15
Suppose 4*w - 3*s + 6 = 0, -3*s + 2*s + 2 = -w. Suppose -3*l + w*l + 3 = 0. Calculate the remainder when 20 is divided by l - -1 - (-5)/1.
6
Let m = 0 - 1. Suppose 49 = -27*k + 103. Calculate the remainder when ((-1)/(-1))/m*-3 is divided by k.
1
Let p(k) = k - 2. Let s be p(12). Let d(u) = 6*u - 22. Calculate the remainder when 74 is divided by d(s).
36
Let g = 98 + -71. What is the remainder when 53 is divided by (g/5)/((-12)/(-40))?
17
Let j = 5 + 2. Let l(r) = -r**3 + 16*r**2 - 18*r + 13. Let u be l(15). Let f = u - -51. Calculate the remainder when f is divided by j.
5
Suppose -a + 3*g = -2*a + 23, 2*g + 78 = 2*a. Let t = a + -1. Calculate the remainder when t is divided by 18.
16
Let t(w) = -w**2 - 2*w + 69. Calculate the remainder when t(-8) is divided by 12.
9
Let a = -890 + 906. What is the remainder when 28 is divided by a?
12
Suppose 68 = -45*v + 46*v. Calculate the remainder when v is divided by 7.
5
Let q = 10 + -8. Suppose -5*p = 5*m - 130, -5*p - 3 = q. What is the remainder when m is divided by 10?
7
Let c(s) = s**2 + 7*s + 11. Let m be c(-6). Suppose -m*n = -0*n - 470. Let x(f) = -9*f - 3. What is the remainder when n is divided by x(-3)?
22
Let w = 442 + -104. Let u = -111 + w. Calculate the remainder when u is divided by 46.
43
Let i(k) = -k**3 - 17*k**2 - 21*k - 18. Let b = -5 + 7. Let y = -14 - b. What is the remainder when i(y) is divided by 17?
11
Suppose 0 = 5*j - j - 212. Let v = -36 + j. Calculate the remainder when v is divided by 13.
4
Let y(j) = 7*j**2 - j - 4. Let o be y(-6). Suppose -206 - o = -10*k. Calculate the remainder when k is divided by 16.
14
Let b(v) = v**3 + 4*v**2 - 6*v - 3. Let m be b(-5). Suppose 2*j - m - 6 = 0. Suppose -3*z - j = -22. Calculate the remainder when 17 is divided by z.
5
Let m = -237 + 241. Let b(c) = c**2 + 4*c + 7. Let s be b(-5). Suppose 18 + 3 = t - 2*l, s = -4*l. Calculate the remainder when t is divided by m.
3
Suppose k + 5 + 3 = 5*n, -n - 5*k - 14 = 0. Let r(v) = 5 - 144*v + 0*v**2 + 2*v**2 + 142*v + 46*v**3 - 4. Calculate the remainder when r(n) is divided by 17.
13
Let w = -100 - -143. Let r = w - 33. What is the remainder when 48 is divided by r?
8
Let l(v) = -15*v**2 + 1 + 2 + 28*v + 4 - 1 + v**3. Calculate the remainder when 125 is divided by l(13).
29
Suppose -i + 2 = -19. Suppose -u + 1 - 17 = 0. Calculate the remainder when i is divided by ((-22)/8)/(4/u).
10
Let c(r) = 33*r - 188. Calculate the remainder when c(7) is divided by 13.
4
Let a(z) = 12*z + 128. Calculate the remainder when 91 is divided by a(-8).
27
Suppose -3*s - 18 = 30. Let v = s + 35. Let q = -8 + v. What is the remainder when 54 is divided by q?
10
Let j = 5 - -4. What is the remainder when -78*(-6)/36*2 is divided by j?
8
Let k(m) = m**2 + 7*m + 2. Let d be k(-7). Let g(l) = -l**d + 0 + 99*l - 1 - 104*l. Calculate the remainder when 11 is divided by g(-4).
2
Suppose 0 = -6*w - w + 231. What is the remainder when 62 is divided by w?
29
Suppose -o + 11 = -0*o. Let p(j) = -6*j - 8. Let m be p(-15). Suppose 4*s - m = 2*s. Calculate the remainder when s is divided by o.
8
Suppose 6 = -5*n + 56. Suppose -25*v = -19*v - 48. Calculate the remainder when n is divided by v.
2
Calculate the remainder when (-2828)/(-5) + 105/75 is divided by 19.
16
Let w = 82 - 44. Let z(y) = -y**3 + y**2 + 17*y - 2. What is the remainder when w is divided by z(-4)?
8
Suppose -16*c + 453 + 59 = 0. What is the remainder when c is divided by 28?
4
Suppose -z + 7 = 3*w, -2*w + 3*z + 8 = -15. Suppose w*s + 695 = 3*j, 2*s + 2*s - 221 = -j. What is the remainder when j is divided by 33?
31
Let z(p) = -p**3 + 3*p**2 + 22*p - 11. What is the remainder when 174 is divided by z(-4)?
5
Let a(l) = 74*l + 537. What is the remainder when 243 is divided by a(-7)?
15
Let y = -9848 + 9865. What is the remainder when 0 + -26*18/(-4) is divided by y?
15
Suppose -74 = -x - d - 7, 3*x - 5*d = 185. Suppose -3*a + 128*t + 78 = 127*t, 2*t = 2*a - 52. What is the remainder when x is divided by a?
13
Suppose 0 = -123*j + 117*j + 66. What is the remainder when 53 is divided by j?
9
Let f = 41 - -7. Let z be f/22 + (-8)/44. Suppose 74 = 4*t - z*g - 2, -t = 5*g - 19. What is the remainder when t is divided by 3?
1
Let t(r) = -11*r**3 - 29*r**2 - 2*r - 9. Let a(s) = -5*s**3 - 14*s**2 - s - 4. Let c(f) = -13*a(f) + 6*t(f). What is the remainder when 23 is divided by c(8)?
5
Suppose 5*i = -i + 18. Suppose -2*z + i*u = -35, 5*z + 2*u + 17 = 76. Calculate the remainder when 22 is divided by z.
9
Suppose -8*u + 48 = -32. Calculate the remainder when 117 is divided by u.
7
Suppose -k + 3 = -10. What is the remainder when 99 is divided by k?
8
Suppose 50*u - 16796 = -3246. Calculate the remainder when u is divided by 87.
10
Let h(a) = -a**2 + 42*a - 253. What is the remainder when 242 is divided by h(34)?
14
Suppose -2*q + 266 = -2*m, 2*m + 568 + 88 = 5*q. Calculate the remainder when q is divided by 22.
20
Calculate the remainder when 42 is divided by (6 - 4) + (3/3 - -14).
8
Let i(v) = -v**3 + 10*v**2 - 2*v - 15. Let t(b) = -2*b**3 + 20*b**2 - 5*b - 30. Let h(q) = 9*i(q) - 4*t(q). Calculate the remainder when 28 is divided by h(10).
3
Let v(i) = i**3 + 23*i**2 - 26*i + 13. What is the remainder when v(-24) is divided by 18?
7
Let i(c) = 19*c - 1. Let b be i(-1). Calculate the remaind